{"id":71,"date":"2022-10-18T16:22:49","date_gmt":"2022-10-18T16:22:49","guid":{"rendered":"https:\/\/laurasaleh.de\/?page_id=71"},"modified":"2022-12-20T13:40:00","modified_gmt":"2022-12-20T13:40:00","slug":"saengerin","status":"publish","type":"page","link":"https:\/\/laurasaleh.de\/?page_id=71","title":{"rendered":"S\u00e4ngerin"},"content":{"rendered":"<p>[et_pb_section fb_built=&#8220;1&#8243; _builder_version=&#8220;4.17.6&#8243; _module_preset=&#8220;default&#8220; global_colors_info=&#8220;{}&#8220;][et_pb_row _builder_version=&#8220;4.17.6&#8243; _module_preset=&#8220;default&#8220; global_colors_info=&#8220;{}&#8220;][et_pb_column type=&#8220;4_4&#8243; _builder_version=&#8220;4.17.6&#8243; _module_preset=&#8220;default&#8220; global_colors_info=&#8220;{}&#8220;][et_pb_text _builder_version=&#8220;4.19.4&#8243; _module_preset=&#8220;default&#8220; hover_enabled=&#8220;0&#8243; global_colors_info=&#8220;{}&#8220; sticky_enabled=&#8220;0&#8243;]<\/p>\n<h2><b>S\u00e4ngerin<\/b><\/h2>\n<p>Durch das vielseitige Studium bin ich als Pop-, Musical-, Rock-, Soul-, Jazz- und Klassiks\u00e4ngerin auf der B\u00fchne t\u00e4tig. Hochzeits- und Musicalballaden\u00a0sowie weltbekannte Hits aus Rock und Pop, ob sanft, rockig, nachdenklich oder unterhaltend, befinden sich in meinem Repertoire. Zuverl\u00e4ssigkeit und professionelle B\u00fchnenpr\u00e4senz werden garantiert.<\/p>\n<p>Im Moment bin ich S\u00e4ngerin in der Hamburger\u00a0Electro-Jazz-Rock Band<span>\u00a0<\/span><strong>Catnip Police<\/strong>, der Leipziger Coverband<span>\u00a0<\/span><a href=\"https:\/\/spark.adobe.com\/page\/RVJ5GKHLSChqg\/\"><strong>Sweet Temptations<\/strong><span><strong>\u00a0<\/strong><\/span><\/a>und der<span>\u00a0<\/span><a href=\"https:\/\/spark.adobe.com\/page\/7amDGb7Aj6gBJ\/\"><strong>Tramp Cats Big Band<\/strong><\/a>\u00a0sowie als Musicaldarstellerin t\u00e4tig (Luise Brenner in BRENNER &amp; BRENNER in Nordhausen, First Cover Molly in GHOST-NACHRICHT VON SAM ab 2023). Man kann mich selbstverst\u00e4ndlich auch allein oder mit meinem Klavier f\u00fcr Trauungen, Firmenveranstaltungen oder Trauerfeiern buchen. Au\u00dferdem habe ich mit meinem Pianisten Lennart Jahn ein Soloprogramm: AUF DEN SPUREN DER (SELBST-)LIEBE, da erwartet sie ein Abend voller Witz, Geschichten aus dem N\u00e4hkasten und gef\u00fchlvollen Balladen, die zum Schwelgen und Nachdenken anregen.<\/p>\n<p>[\/et_pb_text][et_pb_code _builder_version=&#8220;4.17.6&#8243; _module_preset=&#8220;default&#8220; global_colors_info=&#8220;{}&#8220;]\n<table id=\"tablepress-2\" class=\"tablepress tablepress-id-2\">\n<thead>\n<tr class=\"row-1\">\n\t<th class=\"column-1\">Projekt\/ Band<\/th><th class=\"column-2\">Rolle\/ Position<\/th><th class=\"column-3\">Ort\/ Leitung<\/th><th class=\"column-4\">Jahr<\/th>\n<\/tr>\n<\/thead>\n<tbody class=\"row-striping row-hover\">\n<tr class=\"row-2\">\n\t<td class=\"column-1\">CHESS<\/td><td class=\"column-2\">Pop-Trio, Erz\u00e4hlerin, Schiedsrichterin<\/td><td class=\"column-3\">Theater an der Rott, Eggenfelden<\/td><td class=\"column-4\">2025<\/td>\n<\/tr>\n<tr class=\"row-3\">\n\t<td class=\"column-1\">Beaula (Vibraphon+3 Frauenstimmen)<\/td><td class=\"column-2\">S\u00e4ngerin<\/td><td class=\"column-3\">Berlin<\/td><td class=\"column-4\">seit 2024<\/td>\n<\/tr>\n<tr class=\"row-4\">\n\t<td class=\"column-1\">SDP<\/td><td class=\"column-2\">Backgrounds\u00e4ngerin, Violinistin<\/td><td class=\"column-3\">Deutschlandtouren, Festivalsommer<\/td><td class=\"column-4\">seit 2024<\/td>\n<\/tr>\n<tr class=\"row-5\">\n\t<td class=\"column-1\">Duo Re-Cover<\/td><td class=\"column-2\">S\u00e4ngerin<\/td><td class=\"column-3\">Drehwerk Wachtberg, KatiElli-Theater Datteln<\/td><td class=\"column-4\">2023-2024<\/td>\n<\/tr>\n<tr class=\"row-6\">\n\t<td class=\"column-1\">Deb\u00fctalbum: Frail Flowers<\/td><td class=\"column-2\">Komponistin, Texterin, S\u00e4ngerin<\/td><td class=\"column-3\">CD-Release<\/td><td class=\"column-4\">2023<\/td>\n<\/tr>\n<tr class=\"row-7\">\n\t<td class=\"column-1\">Lieder der Sesamstra\u00dfe<\/td><td class=\"column-2\">Ernie, Texterin, Violinistin<\/td><td class=\"column-3\">Wilhelmshaven, Hamburg<\/td><td class=\"column-4\">seit 2023<\/td>\n<\/tr>\n<tr class=\"row-8\">\n\t<td class=\"column-1\">GHOST-NACHRICHT VON SAM<\/td><td class=\"column-2\">First Cover Molly, Music Asstistant, Mrs. Santiago, Ensemble<\/td><td class=\"column-3\">Deutschland-, \u00d6sterreich- und Schweiztour, Regie: Manuel Schmidt<\/td><td class=\"column-4\">2023<\/td>\n<\/tr>\n<tr class=\"row-9\">\n\t<td class=\"column-1\">BRENNER &amp; BRENNER<\/td><td class=\"column-2\">Luise Brenner<\/td><td class=\"column-3\">Echte Nordh\u00e4user Traditionsbrennerei, Regie&amp;Buch: Matthias Kitter<\/td><td class=\"column-4\">seit 2023<\/td>\n<\/tr>\n<tr class=\"row-10\">\n\t<td class=\"column-1\">Malibu Sunrise Gang (Coverband)<\/td><td class=\"column-2\">Gesangsfeature<\/td><td class=\"column-3\">Leipzig &amp; Umgebung<\/td><td class=\"column-4\">seit 2023<\/td>\n<\/tr>\n<tr class=\"row-11\">\n\t<td class=\"column-1\">AnnRed (Coverband)<\/td><td class=\"column-2\">Sub-S\u00e4ngerin<\/td><td class=\"column-3\">Erfurt<\/td><td class=\"column-4\">seit 2022<\/td>\n<\/tr>\n<tr class=\"row-12\">\n\t<td class=\"column-1\">GHOST-NACHRICHT VON SAM<\/td><td class=\"column-2\">Mrs. Santiago, Ensemble<\/td><td class=\"column-3\">Deutschland-, \u00d6sterreich- und Schweiztour, Regie: Manuel Schmitt<\/td><td class=\"column-4\">2022<\/td>\n<\/tr>\n<tr class=\"row-13\">\n\t<td class=\"column-1\">Soloprogramm: AUF DEN SPUREN DER (SELBST-)LIEBE<\/td><td class=\"column-2\">S\u00e4ngerin<\/td><td class=\"column-3\">MeinSchiff 6, Zeulenroda-Triebes, Hannover<\/td><td class=\"column-4\">seit 2022<\/td>\n<\/tr>\n<tr class=\"row-14\">\n\t<td class=\"column-1\">Phil Collins Tribute Show<\/td><td class=\"column-2\">S\u00e4ngerin<\/td><td class=\"column-3\">Klostergarten Rostock<\/td><td class=\"column-4\">2021-2023<\/td>\n<\/tr>\n<tr class=\"row-15\">\n\t<td class=\"column-1\">JESUS CHRIST SUPERSTAR<\/td><td class=\"column-2\">Ensemble, Soulgirl<\/td><td class=\"column-3\">Brandenburger Theater, Regie: Chris Murray<\/td><td class=\"column-4\">2021<\/td>\n<\/tr>\n<tr class=\"row-16\">\n\t<td class=\"column-1\">TITANIC<\/td><td class=\"column-2\">Kate Mullins<\/td><td class=\"column-3\">Schwerin, Regie: Tony Burkhardt<\/td><td class=\"column-4\">2021<\/td>\n<\/tr>\n<tr class=\"row-17\">\n\t<td class=\"column-1\">str8voices (A Cappella-Band)<\/td><td class=\"column-2\">S\u00e4ngerin<\/td><td class=\"column-3\">Hannover<\/td><td class=\"column-4\">2020-2022<\/td>\n<\/tr>\n<tr class=\"row-18\">\n\t<td class=\"column-1\">When Musical Meets History - Musicalgala<\/td><td class=\"column-2\">Ensemble<\/td><td class=\"column-3\">Sound of Music Concerts, Essen, Ltg.: Andreas Luketa<\/td><td class=\"column-4\">2019-2020<\/td>\n<\/tr>\n<tr class=\"row-19\">\n\t<td class=\"column-1\">BIBI UND TINA - DAS KONZERT<\/td><td class=\"column-2\">Tina<\/td><td class=\"column-3\">Pop-Out, Deutschlandtour, Regie: Christoph Drewitz<\/td><td class=\"column-4\">2019-2020<\/td>\n<\/tr>\n<tr class=\"row-20\">\n\t<td class=\"column-1\">THE BAND - DAS MUSICAL<\/td><td class=\"column-2\">Young Zoe<\/td><td class=\"column-3\">Theater des Westens Berlin, Stage Entertainment, Regie: Simon Greiff<\/td><td class=\"column-4\">2019<\/td>\n<\/tr>\n<tr class=\"row-21\">\n\t<td class=\"column-1\">Sweet Temptations (Coverband)<\/td><td class=\"column-2\">S\u00e4ngerin<\/td><td class=\"column-3\">Leipzig<\/td><td class=\"column-4\">seit 2019<\/td>\n<\/tr>\n<tr class=\"row-22\">\n\t<td class=\"column-1\">Black Coffee (Coverband)<\/td><td class=\"column-2\">Sub - S\u00e4ngerin<\/td><td class=\"column-3\">Leipzig<\/td><td class=\"column-4\">seit 2019<\/td>\n<\/tr>\n<tr class=\"row-23\">\n\t<td class=\"column-1\">Tramp Cats Big Band<\/td><td class=\"column-2\">S\u00e4ngerin<\/td><td class=\"column-3\">Dirigent: Tim J\u00e4ckel<\/td><td class=\"column-4\">seit 2018<\/td>\n<\/tr>\n<tr class=\"row-24\">\n\t<td class=\"column-1\">Catnip Police<\/td><td class=\"column-2\">S\u00e4ngerin<\/td><td class=\"column-3\">Hamburg<\/td><td class=\"column-4\">seit 2018<\/td>\n<\/tr>\n<tr class=\"row-25\">\n\t<td class=\"column-1\">Nimmerwiedermehr- Das Kinderkrankenhaus in Rothenburgsort (Musical: Dirk Schattner)<\/td><td class=\"column-2\">Schwester Eva<\/td><td class=\"column-3\">Hamburg, Regie: Agnes Oberauer<\/td><td class=\"column-4\">2018-2020<\/td>\n<\/tr>\n<tr class=\"row-26\">\n\t<td class=\"column-1\">HAIR<\/td><td class=\"column-2\">Sheila Franklin<\/td><td class=\"column-3\">Volkstheater Rostock<\/td><td class=\"column-4\">2018<\/td>\n<\/tr>\n<tr class=\"row-27\">\n\t<td class=\"column-1\">Susanna (Oratorium: H\u00e4ndel)<\/td><td class=\"column-2\">Susanna<\/td><td class=\"column-3\">Hmtm Hannover, Daniel Zimmermann<\/td><td class=\"column-4\">2017<\/td>\n<\/tr>\n<tr class=\"row-28\">\n\t<td class=\"column-1\">L'ENFANT ET LES SORTIL\u00c8GES (Oper: Ravel)<\/td><td class=\"column-2\">Hirtin<\/td><td class=\"column-3\">Hmtm Hannover, Regie: Prof. Mathias Remus<\/td><td class=\"column-4\">2016<\/td>\n<\/tr>\n<tr class=\"row-29\">\n\t<td class=\"column-1\">Vivid Voices (Jazzchor)<\/td><td class=\"column-2\">Chors\u00e4ngerin, Solistin<\/td><td class=\"column-3\">Hmtm Hannover, Claudia Burghard<\/td><td class=\"column-4\">2015-2018<\/td>\n<\/tr>\n<tr class=\"row-30\">\n\t<td class=\"column-1\">4 Oratoriumskonzerte<\/td><td class=\"column-2\">Solistin<\/td><td class=\"column-3\">Landesmuseum Hannover, Prof. Markus Sch\u00e4fer<\/td><td class=\"column-4\">2015-2017<\/td>\n<\/tr>\n<tr class=\"row-31\">\n\t<td class=\"column-1\">H\u00f6rB\u00e4nd (A Cappella-Band)<\/td><td class=\"column-2\">S\u00e4ngerin<\/td><td class=\"column-3\">Hannover, Agentur: magenta<\/td><td class=\"column-4\">2015-2017<\/td>\n<\/tr>\n<tr class=\"row-32\">\n\t<td class=\"column-1\">Sommernachtstraum (Oper: Britten)<\/td><td class=\"column-2\">Chors\u00e4ngerin<\/td><td class=\"column-3\">Hmtm Hannover, Regie: Prof. Mathias Remus<\/td><td class=\"column-4\">2015<\/td>\n<\/tr>\n<tr class=\"row-33\">\n\t<td class=\"column-1\">Exequien (Begr\u00e4bnismusik: Sch\u00fctz)<\/td><td class=\"column-2\">Solistin (1. Sopran)<\/td><td class=\"column-3\">Hamburg, Frank L\u00f6hr<\/td><td class=\"column-4\">2015<\/td>\n<\/tr>\n<tr class=\"row-34\">\n\t<td class=\"column-1\">Das Schlo\u00df (Musiktheater: Kafka)<\/td><td class=\"column-2\">Frieda (S\u00e4ngerin, Schauspielrin)<\/td><td class=\"column-3\">Hmt Rostock, Regie: Dirk Schattner<\/td><td class=\"column-4\">2014<\/td>\n<\/tr>\n<tr class=\"row-35\">\n\t<td class=\"column-1\">Musicalkonzert<\/td><td class=\"column-2\">Solistin<\/td><td class=\"column-3\">Konservatorium Schwerin, Volker Ahmels<\/td><td class=\"column-4\">2013-2014<\/td>\n<\/tr>\n<tr class=\"row-36\">\n\t<td class=\"column-1\">Rostocker Liederbuch (sp\u00e4tmittelalterliche Lieder)<\/td><td class=\"column-2\">Solistin<\/td><td class=\"column-3\">Rostock<\/td><td class=\"column-4\">2013<\/td>\n<\/tr>\n<tr class=\"row-37\">\n\t<td class=\"column-1\">Vocalisti Rostochienses (Kammerchor)<\/td><td class=\"column-2\">Chors\u00e4ngerin, Solistin<\/td><td class=\"column-3\">Hmt Rostock, Prof. Dagmar Gatz<\/td><td class=\"column-4\">2012-2014<\/td>\n<\/tr>\n<tr class=\"row-38\">\n\t<td class=\"column-1\">2 Konzerte Verfemte Musik<\/td><td class=\"column-2\">Solistin, Violinistin<\/td><td class=\"column-3\">Hmt Rostock, Schwerin, Volker Ahmels<\/td><td class=\"column-4\">2012<\/td>\n<\/tr>\n<tr class=\"row-39\">\n\t<td class=\"column-1\">Foolproof (Coverband)<\/td><td class=\"column-2\">Fronts\u00e4ngerin (Pop, Rock, Oldies)<\/td><td class=\"column-3\">Rostock<\/td><td class=\"column-4\">2011-2015<\/td>\n<\/tr>\n<tr class=\"row-40\">\n\t<td class=\"column-1\">DER EINGEBILDETE KRANKE (Schauspiel von Moli\u00e8re)<\/td><td class=\"column-2\">Ang\u00e9lique<\/td><td class=\"column-3\">Theater Wismar, Regie: Christin Neichel<\/td><td class=\"column-4\">2010<\/td>\n<\/tr>\n<tr class=\"row-41\">\n\t<td class=\"column-1\">ROCKY HORROR SHOW<\/td><td class=\"column-2\">Backgrounds\u00e4ngerin<\/td><td class=\"column-3\">Staatstheater Schwerin, Regie: Ralph Reichel<\/td><td class=\"column-4\">2008<\/td>\n<\/tr>\n<tr class=\"row-42\">\n\t<td class=\"column-1\">Landesjugendorchester MV<\/td><td class=\"column-2\">Violinistin<\/td><td class=\"column-3\">MV<\/td><td class=\"column-4\">2007-2009<\/td>\n<\/tr>\n<tr class=\"row-43\">\n\t<td class=\"column-1\">Sinfonieorchester<\/td><td class=\"column-2\">Violinistin<\/td><td class=\"column-3\">Kreismusikschule \"Carl Orff\" Grevesm\u00fchlen<\/td><td class=\"column-4\">2007-2009<\/td>\n<\/tr>\n<tr class=\"row-44\">\n\t<td class=\"column-1\">Big Band<\/td><td class=\"column-2\">Fronst\u00e4ngerin, Backgrounds\u00e4ngerin<\/td><td class=\"column-3\">Kreismusikschule \"Carl Orff\" Grevesm\u00fchlen<\/td><td class=\"column-4\">2006-2014<\/td>\n<\/tr>\n<tr class=\"row-45\">\n\t<td class=\"column-1\">Ballett, Modern Dance<\/td><td class=\"column-2\">T\u00e4nzerin<\/td><td class=\"column-3\">Ballettschule \"Wanda Ploetz\" Wismar<\/td><td class=\"column-4\">1998-2007<\/td>\n<\/tr>\n<\/tbody>\n<\/table>\n<!-- #tablepress-2 from cache -->[\/et_pb_code][\/et_pb_column][\/et_pb_row][et_pb_row _builder_version=&#8220;4.18.0&#8243; _module_preset=&#8220;default&#8220; global_colors_info=&#8220;{}&#8220;][et_pb_column type=&#8220;4_4&#8243; _builder_version=&#8220;4.18.0&#8243; _module_preset=&#8220;default&#8220; global_colors_info=&#8220;{}&#8220;][et_pb_button button_url=&#8220;@ET-DC@eyJkeW5hbWljIjp0cnVlLCJjb250ZW50IjoicG9zdF9saW5rX3VybF9wYWdlIiwic2V0dGluZ3MiOnsicG9zdF9pZCI6IjY0In19@&#8220; button_text=&#8220;Zur\u00fcck&#8220; button_alignment=&#8220;right&#8220; _builder_version=&#8220;4.18.0&#8243; _dynamic_attributes=&#8220;button_url&#8220; _module_preset=&#8220;default&#8220; global_colors_info=&#8220;{}&#8220;][\/et_pb_button][\/et_pb_column][\/et_pb_row][\/et_pb_section]<\/p>\n","protected":false},"excerpt":{"rendered":"<p>S\u00e4ngerin Durch das vielseitige Studium bin ich als Pop-, Musical-, Rock-, Soul-, Jazz- und Klassiks\u00e4ngerin auf der B\u00fchne t\u00e4tig. Hochzeits- und Musicalballaden\u00a0sowie weltbekannte Hits aus Rock und Pop, ob sanft, rockig, nachdenklich oder unterhaltend, befinden sich in meinem Repertoire. Zuverl\u00e4ssigkeit und professionelle B\u00fchnenpr\u00e4senz werden garantiert. Im Moment bin ich S\u00e4ngerin in der Hamburger\u00a0Electro-Jazz-Rock Band\u00a0Catnip Police, [&hellip;]<\/p>\n","protected":false},"author":1,"featured_media":0,"parent":0,"menu_order":0,"comment_status":"closed","ping_status":"closed","template":"","meta":{"_et_pb_use_builder":"on","_et_pb_old_content":"","_et_gb_content_width":"","footnotes":""},"class_list":["post-71","page","type-page","status-publish","hentry"],"_links":{"self":[{"href":"https:\/\/laurasaleh.de\/index.php?rest_route=\/wp\/v2\/pages\/71","targetHints":{"allow":["GET"]}}],"collection":[{"href":"https:\/\/laurasaleh.de\/index.php?rest_route=\/wp\/v2\/pages"}],"about":[{"href":"https:\/\/laurasaleh.de\/index.php?rest_route=\/wp\/v2\/types\/page"}],"author":[{"embeddable":true,"href":"https:\/\/laurasaleh.de\/index.php?rest_route=\/wp\/v2\/users\/1"}],"replies":[{"embeddable":true,"href":"https:\/\/laurasaleh.de\/index.php?rest_route=%2Fwp%2Fv2%2Fcomments&post=71"}],"version-history":[{"count":0,"href":"https:\/\/laurasaleh.de\/index.php?rest_route=\/wp\/v2\/pages\/71\/revisions"}],"wp:attachment":[{"href":"https:\/\/laurasaleh.de\/index.php?rest_route=%2Fwp%2Fv2%2Fmedia&parent=71"}],"curies":[{"name":"wp","href":"https:\/\/api.w.org\/{rel}","templated":true}]}}