{"id":64,"date":"2022-10-18T16:13:49","date_gmt":"2022-10-18T16:13:49","guid":{"rendered":"https:\/\/laurasaleh.de\/?page_id=64"},"modified":"2026-04-18T11:42:45","modified_gmt":"2026-04-18T11:42:45","slug":"biografie","status":"publish","type":"page","link":"https:\/\/laurasaleh.de\/?page_id=64","title":{"rendered":"Biografie"},"content":{"rendered":"<p>[et_pb_section fb_built=&#8220;1&#8243; _builder_version=&#8220;4.17.6&#8243; _module_preset=&#8220;default&#8220; global_colors_info=&#8220;{}&#8220;][et_pb_row _builder_version=&#8220;4.17.6&#8243; _module_preset=&#8220;default&#8220; global_colors_info=&#8220;{}&#8220;][et_pb_column type=&#8220;4_4&#8243; _builder_version=&#8220;4.17.6&#8243; _module_preset=&#8220;default&#8220; global_colors_info=&#8220;{}&#8220;][et_pb_text _builder_version=&#8220;4.19.4&#8243; _module_preset=&#8220;default&#8220; global_colors_info=&#8220;{}&#8220;]<\/p>\n<h1><b>Biografie<\/b><\/h1>\n<p>Als Tochter musikalischer Eltern wuchs Laura Saleh in einem idyllischen Dorf an der Ostsee auf. Sie begann direkt nach dem Abitur ein Bachelorstudium in Pop\/Welt-Gesang mit Klassik in Rostock. Im Anschluss folgte ein Master in Klassikgesang und Gesangspa\u0308dagogik an der Hochschule fu\u0308r Musik, Theater und Medien Hannover, welchen sie 2017 erhielt.<\/p>\n<p>Seitdem ist Laura sowohl als Musicaldarstellerin, Popsa\u0308ngerin und Gesangsdozentin in verschiedensten Produktionen, Bandprojekten und Musikschulen aktiv. 2018 konnte man sie am Volkstheater Rostock als<span>\u00a0<\/span><em>Sheila Franklin<\/em><span>\u00a0<\/span>in <strong>HAIR<\/strong> erleben, danach arbeitete sie fu\u0308r Stage Entertainment in dem Musical <strong>THE BAND \u2013 DAS MUSICAL<\/strong> als<em>\u00a0Zoe\u0301 Marshall<\/em><span><strong>\u00a0<\/strong><\/span>in Berlin und Mu\u0308nchen (2019) und tourte als<span>\u00a0<\/span><em>Tina<\/em><span><strong>\u00a0<\/strong><\/span>mit <strong>BIBI UND TINA \u2013 DAS KONZERT<\/strong> durch Deutschland (2019\/2020). Im Sommer 2021 spielte sie<span>\u00a0<\/span><em>Kate Mullins<\/em><span><strong>\u00a0<\/strong><\/span>in <strong>TITANIC<\/strong> bei den Schlossfestspielen Schwerin und gab danach eines der<span>\u00a0<\/span><em>Soulgirls<\/em><span><strong>\u00a0<\/strong><\/span>in <strong>JESUS CHRIST SUPERSTAR<\/strong> im Brandenburger Theater. Im Anschluss tourte sie zwei Jahre in Folge mit <strong>GHOST \u2013 NACHRICHT VON SAM<\/strong> als<span>\u00a0<\/span><em>Mrs. Santiago<\/em>, sp\u00e4ter zus\u00e4tzlich als<em> First Cover Molly <\/em>und<em> Music Captain<\/em><span><strong>\u00a0<\/strong><\/span>durch Deutschland, O\u0308sterreich und die Schweiz und war danach als<span>\u00a0<\/span><em>Constance<\/em><span><strong>\u00a0<\/strong><\/span>in <strong>DIE 3 MUSKETIERE<\/strong> bei den Schlossfestspielen Sondershausen zu sehen (Theater Nordhausen). Seit 2023 spielt Laura dort die<span>\u00a0<\/span><em>Luise Brenner<\/em><span>\u00a0<\/span>im Zweipersonenst\u00fcck<span>\u00a0<\/span><strong><a href=\"https:\/\/schlossfestspiele-sondershausen.de\/schauspiel\/traditionsbrennerei\">BRENNER &amp; BRENNER<\/a><\/strong><span>\u00a0<\/span>in der Echten Nordh\u00e4user Traditionsbrennerei, was 2026 das letzte Mal wiederaufgenommen wurde. Es folgte am selben Theater ein Engagement als <em>Backgrounds\u00e4ngerin<\/em> in einer <strong>TINA TURNER SHOW<\/strong>, was von 2024-2025 lief. Im Januar 2024 sprang Laura halb bis sehr spontan bei zwei Produktionen ein: am Schauspiel Leipzig als <em>Teenage Girl<\/em> in <strong>LAZARUS<\/strong> (Ein Musical von David Bowie) und am Theater L\u00fcneburg als <em>Polly<\/em> in <strong>DIE DREIGROSCHENOPER<\/strong>. Danach fungierte sie als <em>Erz\u00e4hlerin<\/em> in <strong>CHESS<\/strong> am Theater Eggenfelden und spielt aktuell die Hauptrolle der <em>Samantha Brown<\/em> in <a href=\"https:\/\/www.elisabeth-koestner.com\/the-mad-ones.html\"><strong>THE MAD ONES<\/strong><\/a>, eine unabh\u00e4ngige Kammermusicalproduktion unter der Leitung und Regie von Elisabeth K\u00f6stner.<\/p>\n<p>Laura Saleh lebt zur Zeit in Hannover und ist Sa\u0308ngerin bei der Electro-Latin-Rock-Band <span>\u00ab<\/span><a href=\"https:\/\/de-de.facebook.com\/catnippolice\/\">Catnip Police<span>\u00bb<\/span>,<\/a><span>\u00a0<\/span>der<span> \u00ab<\/span><a href=\"https:\/\/spark.adobe.com\/page\/7amDGb7Aj6gBJ\/\">Tramp Cats Big Band<span>\u00bb <\/span><\/a>und der Coverband <span>\u00ab<\/span><a href=\"https:\/\/spark.adobe.com\/page\/RVJ5GKHLSChqg\/\">Sweet Temptations<span>\u00bb<\/span><\/a>.<span> Ihr gr\u00f6\u00dftes Herzensprojekt ist die T\u00e4tigkeit bei \u00ab<a href=\"https:\/\/www.beaula.de\/\">Beaula<\/a>\u00bb, einer Berliner Band bestehend aus einem Vibraphon und 3 Frauenstimmen. <\/span>2023 ver\u00f6ffentlichte Laura mit ihrem Bruder Leon Saleh ihr Debu\u0308talbum FRAIL FLOWERS und tritt gelegentlich seit 2021 mit ihrem Pianisten<span>\u00a0<\/span><a href=\"https:\/\/www.lennart-jahn.com\">Lennart Jahn<\/a> oder dem Gitarristen <a href=\"https:\/\/chris-chord.live\/\">Chris Chord<\/a> oder Bassisten Sebastian Bauer im <span>\u00ab<\/span>DUO DIA<span>\u00bb<\/span> mit verschiedenen Liederabenden auf.<\/p>\n<p>Seit 2024 ist Laura Saleh Backgrounds\u00e4ngerin und gelegentlich Violinistin bei besonderen Gr\u00f6\u00dfen der deutschen Popkulturszene &#8211; <a href=\"https:\/\/www.sdp-online.de\/\"><strong>SDP<\/strong><\/a> und <a href=\"https:\/\/www.groenemeyer.de\/\"><strong>HERBERT GR\u00d6NEMEYER<\/strong><\/a> &#8211; und besingt somit die Arenen und Stadien dieses Landes.<\/p>\n<p>Nebenbei unterrichtet Laura an der Universit\u00e4t L\u00fcneburg <span>\u00ab<\/span><a href=\"https:\/\/www.leuphana.de\/\">Leuphana<\/a><a href=\"https:\/\/spark.adobe.com\/page\/RVJ5GKHLSChqg\/\"><span>\u00bb<\/span><\/a> Popgesang.<\/p>\n<p>[\/et_pb_text][\/et_pb_column][\/et_pb_row][et_pb_row column_structure=&#8220;1_5,1_5,3_5&#8243; _builder_version=&#8220;4.18.0&#8243; _module_preset=&#8220;default&#8220; global_colors_info=&#8220;{}&#8220;][et_pb_column type=&#8220;1_5&#8243; _builder_version=&#8220;4.18.0&#8243; _module_preset=&#8220;default&#8220; global_colors_info=&#8220;{}&#8220;][et_pb_button button_url=&#8220;@ET-DC@eyJkeW5hbWljIjp0cnVlLCJjb250ZW50IjoicG9zdF9saW5rX3VybF9wYWdlIiwic2V0dGluZ3MiOnsicG9zdF9pZCI6IjcxIn19@&#8220; button_text=&#8220;S\u00e4ngerin&#8220; _builder_version=&#8220;4.18.0&#8243; _dynamic_attributes=&#8220;button_url&#8220; _module_preset=&#8220;default&#8220; global_colors_info=&#8220;{}&#8220;][\/et_pb_button][\/et_pb_column][et_pb_column type=&#8220;1_5&#8243; _builder_version=&#8220;4.18.0&#8243; _module_preset=&#8220;default&#8220; global_colors_info=&#8220;{}&#8220;][et_pb_button button_url=&#8220;@ET-DC@eyJkeW5hbWljIjp0cnVlLCJjb250ZW50IjoicG9zdF9saW5rX3VybF9wYWdlIiwic2V0dGluZ3MiOnsicG9zdF9pZCI6Ijk0In19@&#8220; button_text=&#8220;Gesangsp\u00e4dagogin&#8220; _builder_version=&#8220;4.18.0&#8243; _dynamic_attributes=&#8220;button_url&#8220; _module_preset=&#8220;default&#8220; global_colors_info=&#8220;{}&#8220;][\/et_pb_button][\/et_pb_column][et_pb_column type=&#8220;3_5&#8243; _builder_version=&#8220;4.18.0&#8243; _module_preset=&#8220;default&#8220; global_colors_info=&#8220;{}&#8220;][et_pb_button button_url=&#8220;@ET-DC@eyJkeW5hbWljIjp0cnVlLCJjb250ZW50IjoicG9zdF9saW5rX3VybF9wYWdlIiwic2V0dGluZ3MiOnsicG9zdF9pZCI6IjE3In19@&#8220; button_text=&#8220;Zur\u00fcck&#8220; button_alignment=&#8220;right&#8220; _builder_version=&#8220;4.18.0&#8243; _dynamic_attributes=&#8220;button_url&#8220; _module_preset=&#8220;default&#8220; global_colors_info=&#8220;{}&#8220;][\/et_pb_button][\/et_pb_column][\/et_pb_row][\/et_pb_section]<\/p>\n","protected":false},"excerpt":{"rendered":"<p>Biografie Als Tochter musikalischer Eltern wuchs Laura Saleh in einem idyllischen Dorf an der Ostsee auf. Sie begann direkt nach dem Abitur ein Bachelorstudium in Pop\/Welt-Gesang mit Klassik in Rostock. Im Anschluss folgte ein Master in Klassikgesang und Gesangspa\u0308dagogik an der Hochschule fu\u0308r Musik, Theater und Medien Hannover, welchen sie 2017 erhielt. Seitdem ist Laura [&hellip;]<\/p>\n","protected":false},"author":1,"featured_media":0,"parent":0,"menu_order":0,"comment_status":"closed","ping_status":"closed","template":"","meta":{"_et_pb_use_builder":"on","_et_pb_old_content":"","_et_gb_content_width":"","footnotes":""},"class_list":["post-64","page","type-page","status-publish","hentry"],"_links":{"self":[{"href":"https:\/\/laurasaleh.de\/index.php?rest_route=\/wp\/v2\/pages\/64","targetHints":{"allow":["GET"]}}],"collection":[{"href":"https:\/\/laurasaleh.de\/index.php?rest_route=\/wp\/v2\/pages"}],"about":[{"href":"https:\/\/laurasaleh.de\/index.php?rest_route=\/wp\/v2\/types\/page"}],"author":[{"embeddable":true,"href":"https:\/\/laurasaleh.de\/index.php?rest_route=\/wp\/v2\/users\/1"}],"replies":[{"embeddable":true,"href":"https:\/\/laurasaleh.de\/index.php?rest_route=%2Fwp%2Fv2%2Fcomments&post=64"}],"version-history":[{"count":2,"href":"https:\/\/laurasaleh.de\/index.php?rest_route=\/wp\/v2\/pages\/64\/revisions"}],"predecessor-version":[{"id":334,"href":"https:\/\/laurasaleh.de\/index.php?rest_route=\/wp\/v2\/pages\/64\/revisions\/334"}],"wp:attachment":[{"href":"https:\/\/laurasaleh.de\/index.php?rest_route=%2Fwp%2Fv2%2Fmedia&parent=64"}],"curies":[{"name":"wp","href":"https:\/\/api.w.org\/{rel}","templated":true}]}}

<p>[et_pb_section fb_built=&#8220;1&#8243; _builder_version=&#8220;4.17.6&#8243; _module_preset=&#8220;default&#8220; global_colors_info=&#8220;{}&#8220;][et_pb_row _builder_version=&#8220;4.17.6&#8243; _module_preset=&#8220;default&#8220; global_colors_info=&#8220;{}&#8220;][et_pb_column type=&#8220;4_4&#8243; _builder_version=&#8220;4.17.6&#8243; _module_preset=&#8220;default&#8220; global_colors_info=&#8220;{}&#8220;][et_pb_text _builder_version=&#8220;4.19.4&#8243; _module_preset=&#8220;default&#8220; global_colors_info=&#8220;{}&#8220;]</p>
<h1><b>Biografie</b></h1>
<p>Als Tochter musikalischer Eltern wuchs Laura Saleh in einem idyllischen Dorf an der Ostsee auf. Sie begann direkt nach dem Abitur ein Bachelorstudium in Pop/Welt-Gesang mit Klassik in Rostock. Im Anschluss folgte ein Master in Klassikgesang und Gesangspädagogik an der Hochschule für Musik, Theater und Medien Hannover, welchen sie 2017 erhielt.</p>
<p>Seitdem ist Laura sowohl als Musicaldarstellerin, Popsängerin und Gesangsdozentin in verschiedensten Produktionen, Bandprojekten und Musikschulen aktiv. 2018 konnte man sie am Volkstheater Rostock als<span> </span><em>Sheila Franklin</em><span> </span>in <strong>HAIR</strong> erleben, danach arbeitete sie für Stage Entertainment in dem Musical <strong>THE BAND – DAS MUSICAL</strong> als<em> Zoé Marshall</em><span><strong> </strong></span>in Berlin und München (2019) und tourte als<span> </span><em>Tina</em><span><strong> </strong></span>mit <strong>BIBI UND TINA – DAS KONZERT</strong> durch Deutschland (2019/2020). Im Sommer 2021 spielte sie<span> </span><em>Kate Mullins</em><span><strong> </strong></span>in <strong>TITANIC</strong> bei den Schlossfestspielen Schwerin und gab danach eines der<span> </span><em>Soulgirls</em><span><strong> </strong></span>in <strong>JESUS CHRIST SUPERSTAR</strong> im Brandenburger Theater. Im Anschluss tourte sie zwei Jahre in Folge mit <strong>GHOST – NACHRICHT VON SAM</strong> als<span> </span><em>Mrs. Santiago</em>, später zusätzlich als<em> First Cover Molly </em>und<em> Music Captain</em><span><strong> </strong></span>durch Deutschland, Österreich und die Schweiz und war danach als<span> </span><em>Constance</em><span><strong> </strong></span>in <strong>DIE 3 MUSKETIERE</strong> bei den Schlossfestspielen Sondershausen zu sehen (Theater Nordhausen). Seit 2023 spielt Laura dort die<span> </span><em>Luise Brenner</em><span> </span>im Zweipersonenstück<span> </span><strong><a href="https://schlossfestspiele-sondershausen.de/schauspiel/traditionsbrennerei">BRENNER &amp; BRENNER</a></strong><span> </span>in der Echten Nordhäuser Traditionsbrennerei, was 2026 das letzte Mal wiederaufgenommen wurde. Es folgte am selben Theater ein Engagement als <em>Backgroundsängerin</em> in einer <strong>TINA TURNER SHOW</strong>, was von 2024-2025 lief. Im Januar 2024 sprang Laura halb bis sehr spontan bei zwei Produktionen ein: am Schauspiel Leipzig als <em>Teenage Girl</em> in <strong>LAZARUS</strong> (Ein Musical von David Bowie) und am Theater Lüneburg als <em>Polly</em> in <strong>DIE DREIGROSCHENOPER</strong>. Danach fungierte sie als <em>Erzählerin</em> in <strong>CHESS</strong> am Theater Eggenfelden und spielt aktuell die Hauptrolle der <em>Samantha Brown</em> in <a href="https://www.elisabeth-koestner.com/the-mad-ones.html"><strong>THE MAD ONES</strong></a>, eine unabhängige Kammermusicalproduktion unter der Leitung und Regie von Elisabeth Köstner.</p>
<p>Laura Saleh lebt zur Zeit in Hannover und ist Sängerin bei der Electro-Latin-Rock-Band <span>«</span><a href="https://de-de.facebook.com/catnippolice/">Catnip Police<span>»</span>,</a><span> </span>der<span> «</span><a href="https://spark.adobe.com/page/7amDGb7Aj6gBJ/">Tramp Cats Big Band<span>» </span></a>und der Coverband <span>«</span><a href="https://spark.adobe.com/page/RVJ5GKHLSChqg/">Sweet Temptations<span>»</span></a>.<span> Ihr größtes Herzensprojekt ist die Tätigkeit bei «<a href="https://www.beaula.de/">Beaula</a>», einer Berliner Band bestehend aus einem Vibraphon und 3 Frauenstimmen. </span>2023 veröffentlichte Laura mit ihrem Bruder Leon Saleh ihr Debütalbum FRAIL FLOWERS und tritt gelegentlich seit 2021 mit ihrem Pianisten<span> </span><a href="https://www.lennart-jahn.com">Lennart Jahn</a> oder dem Gitarristen <a href="https://chris-chord.live/">Chris Chord</a> oder Bassisten Sebastian Bauer im <span>«</span>DUO DIA<span>»</span> mit verschiedenen Liederabenden auf.</p>
<p>Seit 2024 ist Laura Saleh Backgroundsängerin und gelegentlich Violinistin bei besonderen Größen der deutschen Popkulturszene &#8211; <a href="https://www.sdp-online.de/"><strong>SDP</strong></a> und <a href="https://www.groenemeyer.de/"><strong>HERBERT GRÖNEMEYER</strong></a> &#8211; und besingt somit die Arenen und Stadien dieses Landes.</p>
<p>Nebenbei unterrichtet Laura an der Universität Lüneburg <span>«</span><a href="https://www.leuphana.de/">Leuphana</a><a href="https://spark.adobe.com/page/RVJ5GKHLSChqg/"><span>»</span></a> Popgesang.</p>
<p>[/et_pb_text][/et_pb_column][/et_pb_row][et_pb_row column_structure=&#8220;1_5,1_5,3_5&#8243; _builder_version=&#8220;4.18.0&#8243; _module_preset=&#8220;default&#8220; global_colors_info=&#8220;{}&#8220;][et_pb_column type=&#8220;1_5&#8243; _builder_version=&#8220;4.18.0&#8243; _module_preset=&#8220;default&#8220; global_colors_info=&#8220;{}&#8220;][et_pb_button button_url=&#8220;@ET-DC@eyJkeW5hbWljIjp0cnVlLCJjb250ZW50IjoicG9zdF9saW5rX3VybF9wYWdlIiwic2V0dGluZ3MiOnsicG9zdF9pZCI6IjcxIn19@&#8220; button_text=&#8220;Sängerin&#8220; _builder_version=&#8220;4.18.0&#8243; _dynamic_attributes=&#8220;button_url&#8220; _module_preset=&#8220;default&#8220; global_colors_info=&#8220;{}&#8220;][/et_pb_button][/et_pb_column][et_pb_column type=&#8220;1_5&#8243; _builder_version=&#8220;4.18.0&#8243; _module_preset=&#8220;default&#8220; global_colors_info=&#8220;{}&#8220;][et_pb_button button_url=&#8220;@ET-DC@eyJkeW5hbWljIjp0cnVlLCJjb250ZW50IjoicG9zdF9saW5rX3VybF9wYWdlIiwic2V0dGluZ3MiOnsicG9zdF9pZCI6Ijk0In19@&#8220; button_text=&#8220;Gesangspädagogin&#8220; _builder_version=&#8220;4.18.0&#8243; _dynamic_attributes=&#8220;button_url&#8220; _module_preset=&#8220;default&#8220; global_colors_info=&#8220;{}&#8220;][/et_pb_button][/et_pb_column][et_pb_column type=&#8220;3_5&#8243; _builder_version=&#8220;4.18.0&#8243; _module_preset=&#8220;default&#8220; global_colors_info=&#8220;{}&#8220;][et_pb_button button_url=&#8220;@ET-DC@eyJkeW5hbWljIjp0cnVlLCJjb250ZW50IjoicG9zdF9saW5rX3VybF9wYWdlIiwic2V0dGluZ3MiOnsicG9zdF9pZCI6IjE3In19@&#8220; button_text=&#8220;Zurück&#8220; button_alignment=&#8220;right&#8220; _builder_version=&#8220;4.18.0&#8243; _dynamic_attributes=&#8220;button_url&#8220; _module_preset=&#8220;default&#8220; global_colors_info=&#8220;{}&#8220;][/et_pb_button][/et_pb_column][/et_pb_row][/et_pb_section]</p>
